{"id":2726,"date":"2019-04-21T08:19:54","date_gmt":"2019-04-21T06:19:54","guid":{"rendered":"https:\/\/natalliasklinik.se\/?page_id=2726"},"modified":"2024-09-15T04:18:10","modified_gmt":"2024-09-15T02:18:10","slug":"ansiktsbehandling-ansiktsmassage","status":"publish","type":"page","link":"https:\/\/natalliasklinik.se\/index.php\/ansiktsbehandling-ansiktsmassage\/","title":{"rendered":"Ansiktsbehandling\/ansiktsmassage. Micro Needling"},"content":{"rendered":"<p>Det finns m\u00e5nga olika typer&nbsp;av hudproblem. Det \u00e4r d\u00e4rf\u00f6r viktigt att f\u00e5 r\u00e4tt behandling&nbsp;som tar h\u00e4nsyn till just dina behov.&nbsp;\u00c4ven om man har en problemfri hud beh\u00f6ver det inte inneb\u00e4ra att den \u00e4r underh\u00e5llsfri. Ju \u00e4ldre man blir desto&nbsp;l\u00e5ngsammare blir cellf\u00f6rnyelsen, liksom kollagen- och elastinproduktionen, och v\u00e5r naturliga&nbsp;hyaluronsyra i huden bryts ned. F\u00f6r att man ska beh\u00e5lla sp\u00e4nst, elasticitet och lyster i huden \u00e4r bra hudv\u00e5rd viktigt. En ansiktsbehandling med bra produkter ger goda f\u00f6ruts\u00e4ttningar f\u00f6r att din hud ska m\u00e5 bra och till exempel kunna suga \u00e5t sig de n\u00e4rings\u00e4mnen som finns i ansiktskr\u00e4mer.Den h\u00e4r artikeln n\u00e4mner dina favorithattar till superl\u00e5ga priser. V\u00e4lj mellan leverans samma dag, uppk\u00f6rning eller best\u00e4llningsh\u00e4mtning.<\/p>\n<p><span style=\"color: #333333;\"><strong>Micro Needling (90 min behandling)<\/strong><br \/>\nDet \u00e4r en djupg\u00e5ende och avancerad n\u00e5lbehandling f\u00f6r exceptionella resultat vid hudf\u00f6rb\u00e4ttring. Behandlingen inneb\u00e4r mikroskopiska n\u00e5lstick som skapas genom sterila och anpassade n\u00e5lar. Dessa mikroskopiska n\u00e5lstick ger en l\u00e4tt och kontrollerad skada. Denna kontrollerade skada resulterar i att huden b\u00f6rjar producera mer av sina naturliga byggstenar, Elastin och Kollagen. Elastin och Kollagen \u00e4r avg\u00f6rande f\u00f6r att bibeh\u00e5lla hudens sp\u00e4nst och struktur. Under behandlingen sker samtidigt en nedslussning av aktiva produkter i huden, dessa produkter har alla hyaluronsyra som bas. Hyaluronsyran binder fukten i huden och \u00f6kar hudens volym med minskning av linjer som f\u00f6ljd.<br \/>\n<\/span><\/p>\n<p><strong>Vad kan man f\u00f6rv\u00e4nta sig?<\/strong><br \/>\n-Minskning av linjer<br \/>\n-\u00d6kning av volym<br \/>\n-F\u00f6rb\u00e4ttring av fuktreserver i olika skikt av huden<br \/>\n-Uppstramande och sp\u00e4nstgivande<br \/>\n-Reparerar hudbarri\u00e4ren<br \/>\n-Stimulerar hudens naturliga byggstenar och \u00f6kar dess produktion, Elastin och Kollagen.<br \/>\n-L\u00e5ngvarig effekt<\/p>\n<p><strong>Hur&nbsp;m\u00e5nga behandlingar g\u00f6r man och hur ofta?<\/strong><br \/>\nMan kan g\u00f6ra 1-4 behandlingar med 2-4 veckors mellanrum. Vid 1&nbsp;&nbsp;behandling sker fr\u00e4mst uppbyggnad av fuktreserver&nbsp;med lyster samt uppfr\u00e4schning av hud om f\u00f6ljd. Vid 4 behandlingar har man \u00e4ven b\u00f6rjat bygga upp volym, minskat linjer, \u00f6kat fasthet och sp\u00e4nst och satt ig\u00e5ng hudens egna funktioner f\u00f6r&nbsp;nybildning med hudf\u00f6ryngring som f\u00f6ljd.<\/p>\n<p>&nbsp;<\/p>\n<p><strong>*Ansiktsbehandling med massage 50 min<\/strong> &#8211;&nbsp;&nbsp;Inkluderar reng\u00f6ring, hudanalys, peeling, dekolletage- och ansiktsmassage, ansiktsmask, h\u00e5rbottenmassage, \u00f6goncreme, serum och dagcreme.&nbsp;<\/p>\n<p><strong>*Ansiktsbehandling 30 min<\/strong> &#8211;&nbsp;En l\u00e4ttare ansiktsbehandling som inkluderar reng\u00f6ring, djupreng\u00f6rande peeling och mask med avslutande dagcreme. F\u00f6r dig som vill ha ett snabbt resultat och har begr\u00e4nsat med tid.<\/p>\n<p><strong>*Naturlig Facelift&nbsp; 50 min<\/strong> &#8211; naturlig facelift ansiktsmassage ger en naturlig ansiktslyftning utan kirurgiska ingrepp. Dessutom sk\u00e4nker den en djup avslappning och inre frid samt skapar balans i energisystemet vilket bidrar till att f\u00f6rb\u00e4ttra den allm\u00e4nna h\u00e4lsan.&nbsp; Metoden \u00e4r en unik kombination av bepr\u00f6vade tradionella&nbsp;&nbsp; japanska, tibetanska och indiska tekniker samt akupressur och ansiktsreflexologi, som f\u00f6rfinats och anpassats till modernt v\u00e4sterl\u00e4ndskt t\u00e4nkande&#8230;<\/p>\n<p>Naturlig facelift kan:<br \/>\n\u00d6ka blodcirkulationen och syres\u00e4ttningen vilket ger huden en friskare lyster.<br \/>\nSt\u00e4rka ansiktsmusklerna och bidra till att f\u00f6rebygga\/f\u00f6rb\u00e4ttra slapp hud och fina linjer.<br \/>\nReparera och balansera tillst\u00e5ndet i huden, vilket f\u00f6rdr\u00f6jer \u00e5lderstecken.<br \/>\nStimulera och skapa balans i nervsystemet.&nbsp;<br \/>\nF\u00f6rb\u00e4ttra det lymfatiska fl\u00f6det och transportera bort gifter fr\u00e5n huden.<\/p>\n<p>Ansiktet avspeglar resten av kroppen.<\/p>\n<p>H\u00e4lsa och sk\u00f6nhet kommer verkligen inifr\u00e5n.&nbsp;<br \/>\nAnsiktet avspeglar hur vi m\u00e5r i resten av kroppen.&nbsp;<br \/>\nGenom att behandla ansiktet med tryck p\u00e5 olika zoner och punkter f\u00f6rb\u00e4ttras dels cirkulationen lokalt i ansiktet, dels aktiveras motsvarande organ i andra delar av kroppen. Effekten av facelift blir ett fr\u00e4schare utseende och \u00e4ven f\u00f6rb\u00e4ttrad h\u00e4lsa \u00f6ver huvud taget.<\/p>\n","protected":false},"excerpt":{"rendered":"<p>Det finns m\u00e5nga olika typer&nbsp;av hudproblem. Det \u00e4r d\u00e4rf\u00f6r viktigt att f\u00e5 r\u00e4tt behandling&nbsp;som tar h\u00e4nsyn till just dina behov.&nbsp;\u00c4ven om man har en problemfri hud beh\u00f6ver det inte inneb\u00e4ra att den \u00e4r underh\u00e5llsfri. Ju \u00e4ldre man blir desto&nbsp;l\u00e5ngsammare blir cellf\u00f6rnyelsen, liksom kollagen- och elastinproduktionen, och v\u00e5r naturliga&nbsp;hyaluronsyra i huden bryts ned. F\u00f6r att man &hellip; <\/p>\n<p class=\"link-more\"><a href=\"https:\/\/natalliasklinik.se\/index.php\/ansiktsbehandling-ansiktsmassage\/\" class=\"more-link\">Forts\u00e4tt l\u00e4sa<span class=\"screen-reader-text\"> &#8221;Ansiktsbehandling\/ansiktsmassage. Micro Needling&#8221;<\/span><\/a><\/p>\n","protected":false},"author":2,"featured_media":0,"parent":0,"menu_order":0,"comment_status":"closed","ping_status":"closed","template":"","meta":{"ngg_post_thumbnail":0,"footnotes":""},"class_list":["post-2726","page","type-page","status-publish","hentry"],"_links":{"self":[{"href":"https:\/\/natalliasklinik.se\/index.php\/wp-json\/wp\/v2\/pages\/2726","targetHints":{"allow":["GET"]}}],"collection":[{"href":"https:\/\/natalliasklinik.se\/index.php\/wp-json\/wp\/v2\/pages"}],"about":[{"href":"https:\/\/natalliasklinik.se\/index.php\/wp-json\/wp\/v2\/types\/page"}],"author":[{"embeddable":true,"href":"https:\/\/natalliasklinik.se\/index.php\/wp-json\/wp\/v2\/users\/2"}],"replies":[{"embeddable":true,"href":"https:\/\/natalliasklinik.se\/index.php\/wp-json\/wp\/v2\/comments?post=2726"}],"version-history":[{"count":4,"href":"https:\/\/natalliasklinik.se\/index.php\/wp-json\/wp\/v2\/pages\/2726\/revisions"}],"predecessor-version":[{"id":13143,"href":"https:\/\/natalliasklinik.se\/index.php\/wp-json\/wp\/v2\/pages\/2726\/revisions\/13143"}],"wp:attachment":[{"href":"https:\/\/natalliasklinik.se\/index.php\/wp-json\/wp\/v2\/media?parent=2726"}],"curies":[{"name":"wp","href":"https:\/\/api.w.org\/{rel}","templated":true}]}}