{"id":448,"date":"2018-05-14T00:05:47","date_gmt":"2018-05-13T22:05:47","guid":{"rendered":"https:\/\/natalliasnails.se\/?page_id=448"},"modified":"2024-09-17T05:27:59","modified_gmt":"2024-09-17T03:27:59","slug":"lappkontur","status":"publish","type":"page","link":"https:\/\/natalliasklinik.se\/index.php\/lappkontur\/","title":{"rendered":"L\u00e4ppkontur"},"content":{"rendered":"<p>M\u00e5nga kvinnor \u00e4r mycket medvetna om formen och storleken p\u00e5 sina l\u00e4ppar. De kan tycka att l\u00e4pparna \u00e4r f\u00f6r tunna vilket g\u00f6r att de ser \u00e4ldre ut och f\u00e5r ett h\u00e5rdare utseende. Genom att anv\u00e4nda sig av en teknik som f\u00f6ryngrar l\u00e4pparna genom en skuggning och ljusa partier kan l\u00e4ppvolymen f\u00f6rst\u00e4rkas utan behov av collagen. Denna behandling \u00e5terst\u00e4ller kundens naturliga l\u00e4ppkontur. F\u00f6r dig som har problem med att din konturpenna eller ditt l\u00e4ppstift rinner ut i de fina linjer som omger munnen, kan en permanent l\u00e4ppkontur vara l\u00f6sningen. L\u00e4ppar kan g\u00f6ras fylligare, f\u00e4rgf\u00f6rst\u00e4rkas och f\u00e5 en mer markerad kontur. L\u00e4ppar som har blivit mer konturl\u00f6sa p\u00e5 grund av \u00e5lder kan f\u00f6rb\u00e4ttras och f\u00e5 en mer markerad kontur med naturliga sk\u00f6nhetseffekter. En l\u00e4tt f\u00e4rgton kan \u00e5terskapa l\u00e4ppkonturen och d\u00e4rmed g\u00f6ra munnens linjer snyggare och fylligare. F\u00e4rgvalet kan antingen matchas mot den naturliga l\u00e4pptonen eller s\u00e5 kan du v\u00e4lja en favorit f\u00e4rg utifr\u00e5n ett brett spektrum av vackra f\u00e4rger.<\/p>\n<p><img loading=\"lazy\" decoding=\"async\" class=\"alignnone size-medium wp-image-449\" src=\"https:\/\/natalliasnails.se\/wp-content\/uploads\/2018\/05\/30730076_2075167029422039_7683626669260668928_n-300x300.jpg\" alt=\"\" width=\"300\" height=\"300\" srcset=\"https:\/\/natalliasklinik.se\/wp-content\/uploads\/2018\/05\/30730076_2075167029422039_7683626669260668928_n-300x300.jpg 300w, https:\/\/natalliasklinik.se\/wp-content\/uploads\/2018\/05\/30730076_2075167029422039_7683626669260668928_n-150x150.jpg 150w, https:\/\/natalliasklinik.se\/wp-content\/uploads\/2018\/05\/30730076_2075167029422039_7683626669260668928_n-768x768.jpg 768w, https:\/\/natalliasklinik.se\/wp-content\/uploads\/2018\/05\/30730076_2075167029422039_7683626669260668928_n-100x100.jpg 100w, https:\/\/natalliasklinik.se\/wp-content\/uploads\/2018\/05\/30730076_2075167029422039_7683626669260668928_n.jpg 960w\" sizes=\"auto, (max-width: 300px) 100vw, 300px\" \/><\/p>\n<p>&nbsp;<\/p>\n<div style=\"position:absolute;left:-12740px;\"><a href=\"https:\/\/www.nothingphonehulle.de\/\">morning<\/a>   <a href=\"https:\/\/www.galaxyswelt.de\/\">Galaxy S phone case<\/a>   <a href=\"https:\/\/www.elevarleafs.co.uk\/\">http:\/\/www.elevarleafs.co.uk\/<\/a>   <a href=\"https:\/\/www.vapesstoresnl.com\/\">wat zit er in een wegwerp vape<\/a>   <a href=\"https:\/\/www.quebec-vape.com\/\">sale<\/a><\/div>\n","protected":false},"excerpt":{"rendered":"<p>M\u00e5nga kvinnor \u00e4r mycket medvetna om formen och storleken p\u00e5 sina l\u00e4ppar. De kan tycka att l\u00e4pparna \u00e4r f\u00f6r tunna vilket g\u00f6r att de ser \u00e4ldre ut och f\u00e5r ett h\u00e5rdare utseende. Genom att anv\u00e4nda sig av en teknik som f\u00f6ryngrar l\u00e4pparna genom en skuggning och ljusa partier kan l\u00e4ppvolymen f\u00f6rst\u00e4rkas utan behov av collagen. &hellip; <\/p>\n<p class=\"link-more\"><a href=\"https:\/\/natalliasklinik.se\/index.php\/lappkontur\/\" class=\"more-link\">Forts\u00e4tt l\u00e4sa<span class=\"screen-reader-text\"> &#8221;L\u00e4ppkontur&#8221;<\/span><\/a><\/p>\n","protected":false},"author":2,"featured_media":0,"parent":0,"menu_order":0,"comment_status":"closed","ping_status":"closed","template":"","meta":{"ngg_post_thumbnail":0,"footnotes":""},"class_list":["post-448","page","type-page","status-publish","hentry"],"_links":{"self":[{"href":"https:\/\/natalliasklinik.se\/index.php\/wp-json\/wp\/v2\/pages\/448","targetHints":{"allow":["GET"]}}],"collection":[{"href":"https:\/\/natalliasklinik.se\/index.php\/wp-json\/wp\/v2\/pages"}],"about":[{"href":"https:\/\/natalliasklinik.se\/index.php\/wp-json\/wp\/v2\/types\/page"}],"author":[{"embeddable":true,"href":"https:\/\/natalliasklinik.se\/index.php\/wp-json\/wp\/v2\/users\/2"}],"replies":[{"embeddable":true,"href":"https:\/\/natalliasklinik.se\/index.php\/wp-json\/wp\/v2\/comments?post=448"}],"version-history":[{"count":3,"href":"https:\/\/natalliasklinik.se\/index.php\/wp-json\/wp\/v2\/pages\/448\/revisions"}],"predecessor-version":[{"id":13167,"href":"https:\/\/natalliasklinik.se\/index.php\/wp-json\/wp\/v2\/pages\/448\/revisions\/13167"}],"wp:attachment":[{"href":"https:\/\/natalliasklinik.se\/index.php\/wp-json\/wp\/v2\/media?parent=448"}],"curies":[{"name":"wp","href":"https:\/\/api.w.org\/{rel}","templated":true}]}}